{"id":1,"date":"2024-04-21T23:29:37","date_gmt":"2024-04-21T21:29:37","guid":{"rendered":"http:\/\/dunepointealautre.com\/?p=1"},"modified":"2025-05-25T23:18:20","modified_gmt":"2025-05-25T21:18:20","slug":"maisons-de-vacances-en-bretagne-en-bord-de-mer","status":"publish","type":"page","link":"https:\/\/dunepointealautre.com\/index.php\/maisons-de-vacances-en-bretagne-en-bord-de-mer\/","title":{"rendered":"Maisons de vacances au bord de mer en Bretagne !"},"content":{"rendered":"\n<h2 class=\"wp-block-heading\">Voici nos deux maisons de vacances en bord de mer dans le Finist\u00e8re en Bretagne<\/h2>\n\n\n\n<p>Nous vous proposons de d\u00e9couvrir nos deux maisons de vacances distantes de 2 km et toutes les deux \u00e0 moins d&rsquo;un kilom\u00e8tre de la mer et des plages de Pentrez et Cam\u00e9ros<\/p>\n\n\n\n<p>Sur les pages de chaque maison, vous pourrez voir des photos et une vid\u00e9o de chaque maison<br><\/p>\n\n\n\n<h3 class=\"wp-block-heading\">G\u00eete de Lezargol : pour 4 personnes, au calme dans un ancien corps de ferme, \u00e0 1km de la plage de Cam\u00e9ros<\/h3>\n\n\n\n<p class=\"has-contrast-color has-text-color has-link-color wp-elements-5d419cd0bc3ed94df077e59b5208f7bc\">Le premier g\u00eete,<a href=\"https:\/\/dunepointealautre.com\/index.php\/maison-2-chambres-argol\/\"> le g\u00eete de Lezargol<\/a>, est une maison de 100 m2 comprenant 2 chambres et 2 salles de bains. Cette maison de vacances est pr\u00e9vue pour 4 personnes (plus un b\u00e9b\u00e9). Elle se situe au centre d&rsquo;un ancien corps de ferme et est distant d&rsquo;1 km de la mer et de la plage de Cam\u00e9ros \u00e0 Argol (gite 4 \u00e9pis num\u00e9ro 21680 chez Gites de France Finist\u00e8re et meubl\u00e9 du tourisme 4 \u00e9toiles).<\/p>\n\n\n\n<figure class=\"wp-block-image size-large\"><img loading=\"lazy\" decoding=\"async\" width=\"1024\" height=\"682\" src=\"http:\/\/dunepointealautre.com\/wp-content\/uploads\/2025\/02\/facade-lezargol-edited-1024x682.jpg\" alt=\"\" class=\"wp-image-122\" srcset=\"https:\/\/dunepointealautre.com\/wp-content\/uploads\/2025\/02\/facade-lezargol-edited-1024x682.jpg 1024w, https:\/\/dunepointealautre.com\/wp-content\/uploads\/2025\/02\/facade-lezargol-edited-300x200.jpg 300w, https:\/\/dunepointealautre.com\/wp-content\/uploads\/2025\/02\/facade-lezargol-edited-768x511.jpg 768w, https:\/\/dunepointealautre.com\/wp-content\/uploads\/2025\/02\/facade-lezargol-edited.jpg 1119w\" sizes=\"auto, (max-width: 1024px) 100vw, 1024px\" \/><\/figure>\n\n\n\n<h4 class=\"wp-block-heading\">Site de l&rsquo;office du tourisme de la presqu&rsquo;\u00eele de Crozon :<\/h4>\n\n\n\n<p><a href=\"https:\/\/www.crozon-tourisme.bzh\">https:\/\/www.crozon-tourisme.bzh<\/a><\/p>\n\n\n\n<h3 class=\"wp-block-heading\">D&rsquo;une pointe \u00e0 l&rsquo;Autre : Maison pour 6 personnes avec vue sur mer \u00e0 400 m\u00e8tres de la plage de Pentrez<\/h3>\n\n\n\n<p class=\"has-contrast-color has-text-color has-link-color wp-elements-cc7e89b85546f8f00c9585900b0199dc\">Le second g\u00eete, nomm\u00e9 <a href=\"https:\/\/dunepointealautre.com\/index.php\/bienvenue-a-dune-pointe-a-lautre\/\">D&rsquo;une Pointe \u00e0 l&rsquo;autre<\/a>, est une maison de 120 m2 disposant de 3 chambres et d&rsquo;une salle de d\u00e9tente, de 2 salles de bains. Nous accueillons jusqu&rsquo;\u00e0 6 personnes dans cette maison (plus un b\u00e9b\u00e9). Elle est face \u00e0 la mer dans une rue priv\u00e9e sur les hauteurs de la grande plage de Pentrez \u00e0 Saint Nic et offre une vue imprenable sur l\u2019ensemble de la baie de Douarnenez. (gite 4 \u00e9pis num\u00e9ro 21681 chez Gites de France Finist\u00e8re et meubl\u00e9 du tourisme 4 \u00e9toiles)<\/p>\n\n\n\n<h4 class=\"wp-block-heading\">Photo de la maison de vacances face \u00e0 la mer \u00e0 Saint Nic (Bretagne, Finist\u00e8re)<\/h4>\n\n\n\n<figure class=\"wp-block-image size-full\"><img decoding=\"async\" src=\"http:\/\/dunepointealautre.com\/wp-content\/uploads\/2025\/02\/1000003076.jpg\" alt=\"\" class=\"wp-image-60\"\/><\/figure>\n\n\n\n<h4 class=\"wp-block-heading\">Site de la commune de saint Nic :<\/h4>\n\n\n\n<p><a href=\"https:\/\/www.saint-nic.fr\">https:\/\/www.saint-nic.fr<\/a><\/p>\n\n\n\n<h3 class=\"wp-block-heading\">Equipement des maisons<\/h3>\n\n\n\n<p>Les deux maisons de vacances sont enti\u00e8rement \u00e9quip\u00e9es \u00ab\u00a0comme \u00e0 la maison\u00a0\u00bb, les draps sont fournis et lits sont faits, les serviettes de toilettes sont incluses. Vous disposerez du wifi et les charges sont comprises<\/p>\n\n\n\n<figure class=\"wp-block-image size-full\"><img decoding=\"async\" src=\"http:\/\/dunepointealautre.com\/wp-content\/uploads\/2025\/02\/3e97e7c0-8bcb-44b0-9b3a-91241c1817c3-1_all_6675.jpg\" alt=\"plage de Pentrez (Saint Nic)\" class=\"wp-image-62\"\/><figcaption class=\"wp-element-caption\">plage \u00e0 proximit\u00e9 de la maison pour 6 personnes<\/figcaption><\/figure>\n\n\n\n<p>Vous pouvez me <a href=\"https:\/\/dunepointealautre.com\/index.php\/contact\/\">contacter<\/a> pour conna\u00eetre les disponibilit\u00e9s, nous louons pour 6-7 jours minimum toute l\u2019ann\u00e9e et 13-14 jours minimum de juin \u00e0 octobre.<\/p>\n\n\n\n<p>Nos amis les animaux ne sont pas accept\u00e9s dans la maison<\/p>\n\n\n\n<h2 class=\"wp-block-heading\">Visitez nos maisons de vacances en bord de mer en vid\u00e9o<\/h2>\n\n\n\n<h3 class=\"wp-block-heading\">Vid\u00e9o de la maison de 2 chambres \u00e0 Argol :<\/h3>\n\n\n\n<figure class=\"wp-block-embed is-type-video is-provider-youtube wp-block-embed-youtube wp-embed-aspect-16-9 wp-has-aspect-ratio\"><div class=\"wp-block-embed__wrapper\">\n<iframe loading=\"lazy\" title=\"Location 4 personnes presqu&#039;\u00eele de Crozon Finist\u00e8re\" width=\"500\" height=\"281\" src=\"https:\/\/www.youtube.com\/embed\/9XCyXPHPku4?feature=oembed\" frameborder=\"0\" allow=\"accelerometer; autoplay; clipboard-write; encrypted-media; gyroscope; picture-in-picture; web-share\" referrerpolicy=\"strict-origin-when-cross-origin\" allowfullscreen><\/iframe>\n<\/div><\/figure>\n\n\n\n<h3 class=\"wp-block-heading\">Vid\u00e9o de la maison de 3 chambres \u00e0 Saint Nic :<\/h3>\n\n\n\n<figure class=\"wp-block-embed is-type-video is-provider-youtube wp-block-embed-youtube wp-embed-aspect-16-9 wp-has-aspect-ratio\"><div class=\"wp-block-embed__wrapper\">\n<iframe loading=\"lazy\" title=\"Location de maison pour 4 \u00e0 6 personnes \u00e0 400 m\u00e8tres de la plage de Pentrez (Finist\u00e8re)\" width=\"500\" height=\"281\" src=\"https:\/\/www.youtube.com\/embed\/SUw3Y6xWRyU?feature=oembed\" frameborder=\"0\" allow=\"accelerometer; autoplay; clipboard-write; encrypted-media; gyroscope; picture-in-picture; web-share\" referrerpolicy=\"strict-origin-when-cross-origin\" allowfullscreen><\/iframe>\n<\/div><\/figure>\n\n\n\n<p><\/p>\n","protected":false},"excerpt":{"rendered":"<p>Voici nos deux maisons de vacances en bord de mer dans le Finist\u00e8re en Bretagne Nous vous proposons de d\u00e9couvrir nos deux maisons de vacances distantes de 2 km et toutes les deux \u00e0 moins d&rsquo;un kilom\u00e8tre de la mer et des plages de Pentrez et Cam\u00e9ros Sur les pages de chaque maison, vous pourrez [&hellip;]<\/p>\n","protected":false},"author":1,"featured_media":43,"parent":0,"menu_order":0,"comment_status":"open","ping_status":"open","template":"","meta":{"footnotes":""},"class_list":["post-1","page","type-page","status-publish","has-post-thumbnail","hentry"],"yoast_head":"<!-- This site is optimized with the Yoast SEO plugin v24.5 - https:\/\/yoast.com\/wordpress\/plugins\/seo\/ -->\n<title>maisons de vacances en bord de mer en Bretagne<\/title>\n<meta name=\"description\" content=\"Location de deux maisons de vacances en bord de mer dans le Finist\u00e8re en Bretagne \u00e0 l&#039;entr\u00e9e de la Presqu&#039;ile de Crozon\" \/>\n<meta name=\"robots\" content=\"index, follow, max-snippet:-1, max-image-preview:large, max-video-preview:-1\" \/>\n<link rel=\"canonical\" href=\"https:\/\/dunepointealautre.com\/index.php\/maisons-de-vacances-en-bretagne-en-bord-de-mer\/\" \/>\n<meta property=\"og:locale\" content=\"fr_FR\" \/>\n<meta property=\"og:type\" content=\"article\" \/>\n<meta property=\"og:title\" content=\"maisons de vacances en bord de mer en Bretagne\" \/>\n<meta property=\"og:description\" content=\"Location de deux maisons de vacances en bord de mer dans le Finist\u00e8re en Bretagne \u00e0 l&#039;entr\u00e9e de la Presqu&#039;ile de Crozon\" \/>\n<meta property=\"og:url\" content=\"https:\/\/dunepointealautre.com\/index.php\/maisons-de-vacances-en-bretagne-en-bord-de-mer\/\" \/>\n<meta property=\"og:site_name\" content=\"D&#039;Une Pointe \u00e0 l&#039;Autre\" \/>\n<meta property=\"article:publisher\" content=\"https:\/\/www.facebook.com\/share\/1BUFibdSJN\/\" \/>\n<meta property=\"article:modified_time\" content=\"2025-05-25T21:18:20+00:00\" \/>\n<meta property=\"og:image\" content=\"http:\/\/dunepointealautre.com\/wp-content\/uploads\/2025\/02\/1000001981.jpg\" \/>\n\t<meta property=\"og:image:width\" content=\"1928\" \/>\n\t<meta property=\"og:image:height\" content=\"1084\" \/>\n\t<meta property=\"og:image:type\" content=\"image\/jpeg\" \/>\n<meta name=\"twitter:card\" content=\"summary_large_image\" \/>\n<meta name=\"twitter:label1\" content=\"Dur\u00e9e de lecture estim\u00e9e\" \/>\n\t<meta name=\"twitter:data1\" content=\"3 minutes\" \/>\n<script type=\"application\/ld+json\" class=\"yoast-schema-graph\">{\"@context\":\"https:\/\/schema.org\",\"@graph\":[{\"@type\":\"WebPage\",\"@id\":\"https:\/\/dunepointealautre.com\/index.php\/maisons-de-vacances-en-bretagne-en-bord-de-mer\/\",\"url\":\"https:\/\/dunepointealautre.com\/index.php\/maisons-de-vacances-en-bretagne-en-bord-de-mer\/\",\"name\":\"maisons de vacances en bord de mer en Bretagne\",\"isPartOf\":{\"@id\":\"https:\/\/dunepointealautre.com\/#website\"},\"primaryImageOfPage\":{\"@id\":\"https:\/\/dunepointealautre.com\/index.php\/maisons-de-vacances-en-bretagne-en-bord-de-mer\/#primaryimage\"},\"image\":{\"@id\":\"https:\/\/dunepointealautre.com\/index.php\/maisons-de-vacances-en-bretagne-en-bord-de-mer\/#primaryimage\"},\"thumbnailUrl\":\"https:\/\/dunepointealautre.com\/wp-content\/uploads\/2025\/02\/1000001981.jpg\",\"datePublished\":\"2024-04-21T21:29:37+00:00\",\"dateModified\":\"2025-05-25T21:18:20+00:00\",\"description\":\"Location de deux maisons de vacances en bord de mer dans le Finist\u00e8re en Bretagne \u00e0 l'entr\u00e9e de la Presqu'ile de Crozon\",\"breadcrumb\":{\"@id\":\"https:\/\/dunepointealautre.com\/index.php\/maisons-de-vacances-en-bretagne-en-bord-de-mer\/#breadcrumb\"},\"inLanguage\":\"fr-FR\",\"potentialAction\":[{\"@type\":\"ReadAction\",\"target\":[\"https:\/\/dunepointealautre.com\/index.php\/maisons-de-vacances-en-bretagne-en-bord-de-mer\/\"]}]},{\"@type\":\"ImageObject\",\"inLanguage\":\"fr-FR\",\"@id\":\"https:\/\/dunepointealautre.com\/index.php\/maisons-de-vacances-en-bretagne-en-bord-de-mer\/#primaryimage\",\"url\":\"https:\/\/dunepointealautre.com\/wp-content\/uploads\/2025\/02\/1000001981.jpg\",\"contentUrl\":\"https:\/\/dunepointealautre.com\/wp-content\/uploads\/2025\/02\/1000001981.jpg\",\"width\":1928,\"height\":1084},{\"@type\":\"BreadcrumbList\",\"@id\":\"https:\/\/dunepointealautre.com\/index.php\/maisons-de-vacances-en-bretagne-en-bord-de-mer\/#breadcrumb\",\"itemListElement\":[{\"@type\":\"ListItem\",\"position\":1,\"name\":\"Home\",\"item\":\"https:\/\/dunepointealautre.com\/\"},{\"@type\":\"ListItem\",\"position\":2,\"name\":\"Maisons de vacances au bord de mer en Bretagne !\"}]},{\"@type\":\"WebSite\",\"@id\":\"https:\/\/dunepointealautre.com\/#website\",\"url\":\"https:\/\/dunepointealautre.com\/\",\"name\":\"ACCUEIL DU SITE\",\"description\":\"Maisons de vacances en Finist\u00e8re \u00e0 l&#039;entr\u00e9e de la presqu&#039;ile de Crozon\",\"publisher\":{\"@id\":\"https:\/\/dunepointealautre.com\/#organization\"},\"potentialAction\":[{\"@type\":\"SearchAction\",\"target\":{\"@type\":\"EntryPoint\",\"urlTemplate\":\"https:\/\/dunepointealautre.com\/?s={search_term_string}\"},\"query-input\":{\"@type\":\"PropertyValueSpecification\",\"valueRequired\":true,\"valueName\":\"search_term_string\"}}],\"inLanguage\":\"fr-FR\"},{\"@type\":\"Organization\",\"@id\":\"https:\/\/dunepointealautre.com\/#organization\",\"name\":\"D'une Pointe \u00e0 l'Autre\",\"url\":\"https:\/\/dunepointealautre.com\/\",\"logo\":{\"@type\":\"ImageObject\",\"inLanguage\":\"fr-FR\",\"@id\":\"https:\/\/dunepointealautre.com\/#\/schema\/logo\/image\/\",\"url\":\"http:\/\/dunepointealautre.com\/wp-content\/uploads\/2025\/02\/IMG-20240610-WA0004.jpg\",\"contentUrl\":\"http:\/\/dunepointealautre.com\/wp-content\/uploads\/2025\/02\/IMG-20240610-WA0004.jpg\",\"width\":2048,\"height\":1536,\"caption\":\"D'une Pointe \u00e0 l'Autre\"},\"image\":{\"@id\":\"https:\/\/dunepointealautre.com\/#\/schema\/logo\/image\/\"},\"sameAs\":[\"https:\/\/www.facebook.com\/share\/1BUFibdSJN\/\"]}]}<\/script>\n<!-- \/ Yoast SEO plugin. -->","yoast_head_json":{"title":"maisons de vacances en bord de mer en Bretagne","description":"Location de deux maisons de vacances en bord de mer dans le Finist\u00e8re en Bretagne \u00e0 l'entr\u00e9e de la Presqu'ile de Crozon","robots":{"index":"index","follow":"follow","max-snippet":"max-snippet:-1","max-image-preview":"max-image-preview:large","max-video-preview":"max-video-preview:-1"},"canonical":"https:\/\/dunepointealautre.com\/index.php\/maisons-de-vacances-en-bretagne-en-bord-de-mer\/","og_locale":"fr_FR","og_type":"article","og_title":"maisons de vacances en bord de mer en Bretagne","og_description":"Location de deux maisons de vacances en bord de mer dans le Finist\u00e8re en Bretagne \u00e0 l'entr\u00e9e de la Presqu'ile de Crozon","og_url":"https:\/\/dunepointealautre.com\/index.php\/maisons-de-vacances-en-bretagne-en-bord-de-mer\/","og_site_name":"D&#039;Une Pointe \u00e0 l&#039;Autre","article_publisher":"https:\/\/www.facebook.com\/share\/1BUFibdSJN\/","article_modified_time":"2025-05-25T21:18:20+00:00","og_image":[{"width":1928,"height":1084,"url":"http:\/\/dunepointealautre.com\/wp-content\/uploads\/2025\/02\/1000001981.jpg","type":"image\/jpeg"}],"twitter_card":"summary_large_image","twitter_misc":{"Dur\u00e9e de lecture estim\u00e9e":"3 minutes"},"schema":{"@context":"https:\/\/schema.org","@graph":[{"@type":"WebPage","@id":"https:\/\/dunepointealautre.com\/index.php\/maisons-de-vacances-en-bretagne-en-bord-de-mer\/","url":"https:\/\/dunepointealautre.com\/index.php\/maisons-de-vacances-en-bretagne-en-bord-de-mer\/","name":"maisons de vacances en bord de mer en Bretagne","isPartOf":{"@id":"https:\/\/dunepointealautre.com\/#website"},"primaryImageOfPage":{"@id":"https:\/\/dunepointealautre.com\/index.php\/maisons-de-vacances-en-bretagne-en-bord-de-mer\/#primaryimage"},"image":{"@id":"https:\/\/dunepointealautre.com\/index.php\/maisons-de-vacances-en-bretagne-en-bord-de-mer\/#primaryimage"},"thumbnailUrl":"https:\/\/dunepointealautre.com\/wp-content\/uploads\/2025\/02\/1000001981.jpg","datePublished":"2024-04-21T21:29:37+00:00","dateModified":"2025-05-25T21:18:20+00:00","description":"Location de deux maisons de vacances en bord de mer dans le Finist\u00e8re en Bretagne \u00e0 l'entr\u00e9e de la Presqu'ile de Crozon","breadcrumb":{"@id":"https:\/\/dunepointealautre.com\/index.php\/maisons-de-vacances-en-bretagne-en-bord-de-mer\/#breadcrumb"},"inLanguage":"fr-FR","potentialAction":[{"@type":"ReadAction","target":["https:\/\/dunepointealautre.com\/index.php\/maisons-de-vacances-en-bretagne-en-bord-de-mer\/"]}]},{"@type":"ImageObject","inLanguage":"fr-FR","@id":"https:\/\/dunepointealautre.com\/index.php\/maisons-de-vacances-en-bretagne-en-bord-de-mer\/#primaryimage","url":"https:\/\/dunepointealautre.com\/wp-content\/uploads\/2025\/02\/1000001981.jpg","contentUrl":"https:\/\/dunepointealautre.com\/wp-content\/uploads\/2025\/02\/1000001981.jpg","width":1928,"height":1084},{"@type":"BreadcrumbList","@id":"https:\/\/dunepointealautre.com\/index.php\/maisons-de-vacances-en-bretagne-en-bord-de-mer\/#breadcrumb","itemListElement":[{"@type":"ListItem","position":1,"name":"Home","item":"https:\/\/dunepointealautre.com\/"},{"@type":"ListItem","position":2,"name":"Maisons de vacances au bord de mer en Bretagne !"}]},{"@type":"WebSite","@id":"https:\/\/dunepointealautre.com\/#website","url":"https:\/\/dunepointealautre.com\/","name":"ACCUEIL DU SITE","description":"Maisons de vacances en Finist\u00e8re \u00e0 l&#039;entr\u00e9e de la presqu&#039;ile de Crozon","publisher":{"@id":"https:\/\/dunepointealautre.com\/#organization"},"potentialAction":[{"@type":"SearchAction","target":{"@type":"EntryPoint","urlTemplate":"https:\/\/dunepointealautre.com\/?s={search_term_string}"},"query-input":{"@type":"PropertyValueSpecification","valueRequired":true,"valueName":"search_term_string"}}],"inLanguage":"fr-FR"},{"@type":"Organization","@id":"https:\/\/dunepointealautre.com\/#organization","name":"D'une Pointe \u00e0 l'Autre","url":"https:\/\/dunepointealautre.com\/","logo":{"@type":"ImageObject","inLanguage":"fr-FR","@id":"https:\/\/dunepointealautre.com\/#\/schema\/logo\/image\/","url":"http:\/\/dunepointealautre.com\/wp-content\/uploads\/2025\/02\/IMG-20240610-WA0004.jpg","contentUrl":"http:\/\/dunepointealautre.com\/wp-content\/uploads\/2025\/02\/IMG-20240610-WA0004.jpg","width":2048,"height":1536,"caption":"D'une Pointe \u00e0 l'Autre"},"image":{"@id":"https:\/\/dunepointealautre.com\/#\/schema\/logo\/image\/"},"sameAs":["https:\/\/www.facebook.com\/share\/1BUFibdSJN\/"]}]}},"_links":{"self":[{"href":"https:\/\/dunepointealautre.com\/index.php\/wp-json\/wp\/v2\/pages\/1","targetHints":{"allow":["GET"]}}],"collection":[{"href":"https:\/\/dunepointealautre.com\/index.php\/wp-json\/wp\/v2\/pages"}],"about":[{"href":"https:\/\/dunepointealautre.com\/index.php\/wp-json\/wp\/v2\/types\/page"}],"author":[{"embeddable":true,"href":"https:\/\/dunepointealautre.com\/index.php\/wp-json\/wp\/v2\/users\/1"}],"replies":[{"embeddable":true,"href":"https:\/\/dunepointealautre.com\/index.php\/wp-json\/wp\/v2\/comments?post=1"}],"version-history":[{"count":23,"href":"https:\/\/dunepointealautre.com\/index.php\/wp-json\/wp\/v2\/pages\/1\/revisions"}],"predecessor-version":[{"id":368,"href":"https:\/\/dunepointealautre.com\/index.php\/wp-json\/wp\/v2\/pages\/1\/revisions\/368"}],"wp:featuredmedia":[{"embeddable":true,"href":"https:\/\/dunepointealautre.com\/index.php\/wp-json\/wp\/v2\/media\/43"}],"wp:attachment":[{"href":"https:\/\/dunepointealautre.com\/index.php\/wp-json\/wp\/v2\/media?parent=1"}],"curies":[{"name":"wp","href":"https:\/\/api.w.org\/{rel}","templated":true}]}}